 + 4.
-4
What is the value of 2 - (1 + 0 - (-3 - 1))?
-3
Calculate -2 - (-21 + 16 - (-1 + 5)).
7
Calculate -4 - (-8 - -11 - 0).
-7
What is the value of (2 + 2 - 3) + -2 + 4?
3
What is the value of 1 + (4 - 1 - -1)?
5
0 - -3 - 0 - -2
5
10 - 6 - (-2 - (-3 - -2))
5
1 + 0 - (1 - -5) - -2
-3
What is (-15 - -1) + 8 + 9?
3
Calculate 6 + (0 - 3 - (-5 - -1)).
7
-6 + 4 - (6 + (-3 - -1))
-6
What is -6 + (4 - 0 - 2)?
-4
Calculate -6 + -2 + 1 + -1 + 5.
-3
Evaluate (0 - -4) + -3 - -5 - 3.
3
What is the value of 5 + 1 + -12 - -6?
0
What is the value of -8 + 24 - (17 + -6)?
5
Evaluate (-18 - -9) + -6 + 7.
-8
-6 - (2 - (12 - 8))
-4
Calculate (6 - (7 - 4)) + -1.
2
What is -1 + (3 - (5 + (-12 - -5)))?
4
Calculate (3 - (12 + 13)) + 13.
-9
What is (8 - (20 - 10)) + 9?
7
What is the value of 0 - -12 - (-6 + 22)?
-4
Calculate 1 + 2 - -1 - (1 + -1).
4
Calculate -5 + 10 + (1 - 6).
0
What is the value of -6 + -2 + (-2 - -1) + 6?
-3
What is the value of 4 - (-2 - (2 + -9))?
-1
Calculate -8 + 19 - ((-1 - -7) + -1).
6
What is -14 + (33 - (3 + 12))?
4
-1 + 14 - (106 - 96)
3
2 + 7 + -3 - 4
2
What is 1 + -4 - (4 - (3 + 7))?
3
Evaluate -3 + 5 + 10 + -21.
-9
Calculate (6 + 0 + -12 - -10) + -1.
3
What is the value of (-1 - 3) + 3 + 0?
-1
3 + -1 - -2 - 5
-1
What is 23 + -24 - (1 - (0 + 2))?
0
Evaluate 67 - 70 - (-1 + -3).
1
What is the value of (3 - -10) + -10 - 4?
-1
Calculate (-16 - -10) + 1 + -2.
-7
What is -2 + -1 + 1 + (0 - -3)?
1
What is the value of 9 + -10 + 1 + 4?
4
Calculate -5 - ((-3 - 7) + 1).
4
Calculate 1 - ((9 + -5 - 5) + -4).
6
Calculate (-3 - -9) + 1 + -2.
5
Evaluate -5 + (6 + -4 - 3).
-6
Calculate 3 - (-2 + 3) - (0 - -4).
-2
What is 2 + 1 + 0 + (-1 - -2)?
4
What is the value of -1 + -7 - (1 - 5)?
-4
Evaluate 2 + (5 - (6 + -3)).
4
What is -1 - (-1 - (-10 - -5))?
-5
What is the value of -5 - (-3 - (-7 + 13))?
4
Calculate (-2 - 1) + 27 + -26.
-2
Calculate 5 - 1 - (-9 - (-2 - 11)).
0
Calculate (-5 - -4 - 2) + -2 + 5.
0
Calculate (2 - -1) + -1 - (0 + 2).
0
What is -2 - (-6 + -1 - -12)?
-7
What is 8 - (1 + (-3 - -5))?
5
What is -1 + -2 + (0 - -3) + -1?
-1
(-2 - -8) + -17 + -1 + 8
-4
(-5 + -6 - -8) + -1
-4
What is the value of -3 + -3 + (-13 - -21) - 5?
-3
Calculate (1 - (-1 - 2)) + 1.
5
2 - ((1 - 3) + 7)
-3
Calculate -3 - (3 + -2 - 3) - 5.
-6
Evaluate (-15 - -10) + 6 - (-6 - -3).
4
What is 5 - (-2 - (-1 + -3))?
3
Evaluate (6 - 4) + 2 - 9.
-5
What is the value of -2 + 3 + -2 + -2?
-3
Evaluate (-3 + 3 - (4 - 6)) + 4.
6
(8 - (26 + -9)) + 2
-7
What is the value of 4 + -9 + (6 - -1 - 4)?
-2
What is 1 - (8 - (3 - -2))?
-2
Evaluate -25 - (-2 + -10) - -24.
11
Calculate -3 + (-7 - -14) + -4 - -6.
6
-17 + 8 + (8 - -3)
2
Evaluate -5 - (2 + 0) - (-61 + 55).
-1
What is -1 - 4 - (-5 - (-1 - 2))?
-3
What is the value of 10 + -1 - (3 + 9 - 7)?
4
What is 0 - (0 - (-5 + 6))?
1
What is the value of -2 - (-3 - (-6 + 0) - 1)?
-4
(-1 - 1 - -7) + 0 + 0
5
What is (3 - (-2 - -2)) + 1?
4
What is the value of 9 - (-6 + 7 - 0)?
8
Evaluate (-1 - 4) + 6 + -1 + -6.
-6
What is 0 + 1 + (0 - (0 + -6))?
7
Evaluate 6 - (0 - -3) - 7.
-4
What is (16 - 9) + -3 + 1 + 0?
5
-6 + 17 - (5 - 0 - -2)
4
Calculate -3 + (-4 - (-3 + -1)).
-3
Evaluate 0 + -2 - (-37 - -34).
1
(7 + 1 + -4 - 2) + -7
-5
What is -2 + (-10 - -5) + 4?
-3
Calculate (-14 + 2 - (0 + -5)) + 13.
6
What is -38 + 40 + -6 + 0?
-4
Calculate -1 - (-2 - (5 - 4)).
2
What is 0 - (1 - 0) - 2?
-3
What is the value of -1 + (6 - (-5 + 5))?
5
What is the value of -4 + 10 - (-1 - -11)?
-4
What is the value of 1 - 3 - (-11 - -1)?
8
-8 + 0 - (-7 + 0 - 9)
8
What is -1 + 2 - 1 - (-15 + 15)?
0
What is 5 + 0 + 18 + (-8 - 10)?
5
What is 4 + 4 + 1 + -4 - 5?
0
What is 1 - (2 + 3 + -1)?
-3
What is (-2 - 4 - (-1 + -2)) + 8?
5
8 + -4 + (4 - 3) + 1
6
What is the value of (-1 - 0) + (23 - 18)?
4
Calculate 1 + 5 + -7 - (-5 - -13).
-9
Evaluate (-2 - -2) + 2 + 1 + -7.
-4
What is (1 - 3 - -3) + -9?
-8
What is 1 + 14 - (83 + -71)?
3
What is the value of -3 + (7 - 4) + 0?
0
Calculate (0 + 5 - 1) + -1.
3
-14 - (9 - 17 - 5)
-1
Calculate 14 + -3 - (-1 + 7).
5
Calculate (0 + -2 - 1) + (59 - 55).
1
Calculate -6 + 1 + 3 - 2.
-4
What is the value of 35 + -29 - (11 - 3)?
-2
Evaluate 6 - 7 - (-4 - (1 + 0)).
4
Evaluate 24 - 27 - (-4 + 2 + 3).
-4
What is the value of -4 - -8 - (-1 - -6)?
-1
What is 1 + -3 - ((17 - 14) + -2)?
-3
12 + -16 - (-5 + 1)
0
What is 8 + (-3 - -1 - -7) - 5?
8
What is (7 + -4 - 4) + 1 - -2?
2
Calculate (3 - 10) + 8 + -10 + 2.
-7
(4 + 0 - 10) + 2
-4
Evaluate (6 - 1) + -51 + 41.
-5
(-23 - -17) + (2 - (-4 + 2))
-2
Evaluate (-8 - (-9 + 5)) + -3.
-7
Calculate -3 + (4 - (5 - 2)) + 7.
5
Evaluate 2 + -1 - (0 - -2) - -3.
2
Calculate -5 + 0 + -2 + -9 + 13.
-3
Evaluate (-13 - -11) + 2 + -4 + -3.
-7
Evaluate -2 + 0 + -8 + 2.
-8
What is -4 + 1 + 2 + 0 + 6?
5
What is -2 + -1 - -3 - (0 + -1)?
1
Evaluate (2 - -3 - 5) + (-4 - -1).
-3
-6 - -1 - -4 - -2
1
Calculate (-2 - -2 - 5) + 4 - -6.
5
What is the value of -3 + (6 - 4) - 1?
-2
What is the value of -3 + (1 + (2 - 2) - 3)?
-5
Calculate (-7 - (-2 + -2)) + 3.
0
1 + (-3 + 9 - 8)
-1
Calculate 2 + 2 + -4 + 6 + -2.
4
What is the value of -47 + 36 + (14 - 4)?
-1
What is the value of 5 - 1 - (7 - -2)?
-5
6 - ((11 - 7) + -4 + -2)
8
What is the value of -2 + (3 - 6) + 7?
2
What is (11 - 6 - 0) + 0?
5
What is the value of -2 + (2 - 0 - 1) + 4?
3
Evaluate (2 + -19 - 2) + -4 + 12.
-11
What is (10 - 8) + (-2 - (0 + 1))?
-1
Evaluate 6 + -6 + -2 + 4 - 1.
1
15 + (-5 - 12) + (-1 - 4)
-7
What is -4 + (7 - 2) + -9 + 7?
-1
13 + (2 - 8) - -1
8
What is 12 + (-7 - -1) - 2?
4
0 + (0 + -3 + 2 - 1)
-2
Evaluate -2 + 5 + -2 + (29 - 29).
1
-18 + 25 + -10 + 4 + 3
4
Calculate 7 - (3 - ((-2 - -1) + 1)).
4
What is the value of (0 - 4) + 5 + -3?
-2
What is the value of (-12 - (0 - 5)) + -1 + 3?
-5
Evaluate -55 - -41 - (-2 + -6).
-6
1 - (-4 - 3) - 5
3
What is (-35 - -31) + (7 - (1 + -1))?
3
Evaluate (9 - 7) + 3 + -11.
-6
Evaluate 3 + 5 + -7 - 7 - 1.
-7
Calculate -4 + 29 + -33 + (3 - -1).
-4
Evaluate -1 - -5 - -2 - 2.
4
Calculate -5 + (-6 - -10 - (-7 - -5)).
1
Evaluate (-4 - -3) + -3 + -1.
-5
What is -8 + 9 + (3 - 13)?
-9
Evaluate (6 - (10 - 6)) + -1.
1
5 - 5 - (1 - -1)
-2
What is the value of -18 + 17 - (2 - -4)?
-7
(5 - 7) + -3 - -6
1
Calculate (2 - (0 + -4)) + (2 - 7).
1
What is the value of 0 + (-1 - -7) + -2 + -1?
3
What is the value of -1 + -5 + -8 + (-10 - -15)?
-9
0 + (-2 - 3) + 1
-4
5 - (-3 + (-1 - -10))
-1
-1 + -2 - (-4 - (2 + -3))
0
Evaluate (-56 + 51 - (1 - 13)) + 1.
8
2 - -1 - (2 - -5)
-4
Calculate 3 + (8 + -3 - 4) + 0.
4
Calculate 2 - (6 + -12 + 6 + 4).
-2
Calculate -5 + 5 + -4 - 1.
-5
Evaluate (-16 - -8) + 12 - 3.
1
Calculate (-5 - -4) + -3 - -2.
-2
What is the value of -2 + 1 - (-2 - 5) - 3?
3
Calculate 10 - (22 - (12 + -1)).
-1
Calculate (20 - 16 - (2 - -4)) + 3.
1
What is 2 + 5 - (0 - 0)?
7
(0 - 2) + (-2 + 4 - -5)
5
4 - (1 + 5 + -7)
5
What is -95 + 98 - (2 - 2 - -5)?
-2
Evaluate 12 - (9 + -1 + 0).
4
(0 - (7 + -5)) + 6 - 3
1
-1 + 0 + 6 - (6 - -4)
-5
What is 14 + -19 - (3 + -11)?
3
-1 + (1 - -4) - (-30 + 32)
2
What is -4 + 1 + (2 - -1) + 1?
1
Evaluate -6 - (-16 - (-7 + 1)).
4
Evaluate -13 - (0 - (-7 - -26)).
6
13 + -4 + (13 - 15)
7
-8 - (1 + -3) - -2 - -7
3
Calculate -5 + (-3 - (-16 - -4)).
4
What is the value of 0 + 1 + 3 + -5?
-1
Evaluate -8 + (-8 - -20) - 1.
3
Calculate (-8 - (6 - (0 - -8))) + 4.
-2
Evaluate -1 - -1 - (8 - (10 - 3)).
-1
-3 + -2 + 6 + -5
-4
What is 13 - ((-2 - -3) + (11 - 4))?
5
(-10 + 17 - 2) + (-1 - 4)
0
Evaluate 3 - (7 + (-2 - -1)).
-3
What is the value of 3 + (-15 + 16 - (-2 + 2))?
4
Evaluate -1 - -1 - (-1 + 1 - 1).
1
What is the value of 7 + -1 + (4 - 5)?
5
What is the value of (2 - (13 - 4) - -3) + 7?
3
Evaluate 1 + 0 + 10 + -7.
4
Evaluate (10 - (-2 + 4) - 1) + -4.
3
1 + ((-6 - 0) + 0 - -7)
2
(-7 - -6) + (-1 + 2 - -3)
3
What is 2 + (-1 - -7) + -2 + -5?
1
Evaluate (-4 - 2) + 2 + 0 + 3.
-1
(-1 - 3) + -9 + 20
7
5 + 3 + -4 - 6
-2
8 + -1 - 5 - 2
0
Evaluate (-1 - 2) + -3 + (7 - 2).
-1
Calculate 43 - 46 - (-6 - -1).
2
17 - ((-13 + 5 - -3) + 13)
9
Calculate -5 - (-10 + (3 - -2)).
0
-25 + 26 + -1 + -2 + -2
-4
Evaluate 8 + 1 - (18 - 12).
3
8 + -3 + 0 + 4 + -5
4
What is the value of 0 + 6 + (1 - 1) - 2?
4
Calculate 1 - -6 - (-8 + 5).
10
-2 + 3 + 1 + (-1 - -2)
3
(2 - -1) + (1 - 0 - 2)
2
Calculate -3 + 0 + (4 - 4).
-3
What is the value 